{"id":30,"date":"2018-10-29T14:46:04","date_gmt":"2018-10-29T13:46:04","guid":{"rendered":"http:\/\/jukinmamas.com\/?page_id=30"},"modified":"2025-09-13T14:41:31","modified_gmt":"2025-09-13T12:41:31","slug":"a-propos-de","status":"publish","type":"page","link":"https:\/\/jukinmamas.com\/?page_id=30","title":{"rendered":"ABOUT US"},"content":{"rendered":"\n<h1 class=\"wp-block-heading font_7\"><span class=\"color_21\">Mais\u2026 que veut dire&nbsp;<figure><img loading=\"lazy\" decoding=\"async\" class=\"size-medium wp-image-173 alignright\" src=\"http:\/\/jukinmamas.com\/wp-content\/uploads\/2019\/01\/phono-193x300.png\" alt=\"\" width=\"193\" height=\"300\" srcset=\"https:\/\/jukinmamas.com\/wp-content\/uploads\/2019\/01\/phono-193x300.png 193w, https:\/\/jukinmamas.com\/wp-content\/uploads\/2019\/01\/phono.png 420w\" sizes=\"auto, (max-width: 193px) 100vw, 193px\" \/><\/figure><\/span><\/h1>\n\n\n\n<h1 class=\"wp-block-heading font_7\"><span class=\"color_21\">\u00ab&nbsp;Jukin\u2019 Mamas&nbsp;\u00bb&nbsp;?!<\/span><\/h1>\n\n\n\n<p>Le <span style=\"color: #ff00ff;\">\u00ab\u00a0juke-joint\u00a0\u00bb<\/span> c\u2019\u00e9tait le boui-boui o\u00f9 se retrouvaient la majeure partie de la population locale\u00a0pour se d\u00e9salt\u00e9rer dans ces nuits chaudes et humides, et o\u00f9 le bruit des jeux de domino et des cartes se m\u00ealait aux sons des pas de danse sur la musique des<span style=\"color: #ff00ff;\"> \u00ab\u00a0juke-bands\u00a0\u00bb<\/span>. Si le terme est peu employ\u00e9 aujourd\u2019hui\u00a0il reste le mot <span style=\"color: #ff00ff;\">\u00ab\u00a0jukebox\u00a0\u00bb<\/span>, machine \u00e0 musique mythique tr\u00e8s populaire dans les \u00ab\u00a0diners\u00a0\u00bb am\u00e9ricains des ann\u00e9es 30 et jusqu\u2019\u00e0 l\u2019apog\u00e9e du <mark style=\"background-color:rgba(0, 0, 0, 0)\" class=\"has-inline-color has-black-color\"><span style=\"color: #ff00ff;\">rock and roll<\/span>. <\/mark>Vous n\u2019avez pas connu\u00a0? Nous non plus\u00a0car on n\u2019\u00e9tait pas n\u00e9\u00a0! Mais la jukebox a \u00e9t\u00e9 immortalis\u00e9e par les films hollywoodiens et a inspir\u00e9 le nom de notre groupe. Alors, les \u00ab\u00a0Jukin\u2019 Mamas \u00bb, vous l\u2019aurez compris, vont vous <span style=\"color: #ff00ff;\">faire danser<\/span> comme une jukebox\u00a0!<\/p>\n\n\n\n<p class=\"cvGsUA direction-ltr align-center para-style-body\"><span class=\"a_GcMg font-feature-liga-off font-feature-clig-off font-feature-calt-off text-decoration-none text-strikethrough-none\">Depuis 2013, The Jukin\u2019 Mamas fait souffler un vent de Louisiane&nbsp;<\/span><span class=\"a_GcMg font-feature-liga-off font-feature-clig-off font-feature-calt-off text-decoration-none text-strikethrough-none\">sur les sc\u00e8nes de France et d\u2019ailleurs.&nbsp;<\/span><span class=\"a_GcMg font-feature-liga-off font-feature-clig-off font-feature-calt-off text-decoration-none text-strikethrough-none\">\u00c0 l\u2019origine, deux artistes passionn\u00e9es et compl\u00e9mentaires,<\/span><span class=\"a_GcMg font-feature-liga-off font-feature-clig-off font-feature-calt-off text-decoration-none text-strikethrough-none\">&nbsp;Katie et Karo,&nbsp;<\/span><span class=\"a_GcMg font-feature-liga-off font-feature-clig-off font-feature-calt-off text-decoration-none text-strikethrough-none\">unies par l\u2019amour des grands standards et de p\u00e9pites oubli\u00e9es.&nbsp;<\/span><span class=\"a_GcMg font-feature-liga-off font-feature-clig-off font-feature-calt-off text-decoration-none text-strikethrough-none\">Katie, enfant de La\u202fNouvelle\u2011Orl\u00e9ans, porte en elle la ferveur du gospel, le swing du jazz et la profondeur du blues.&nbsp;<\/span><span class=\"a_GcMg font-feature-liga-off font-feature-clig-off font-feature-calt-off text-decoration-none text-strikethrough-none\">Karo, multi instrumentiste \u00e0 l\u2019oreille fine, apporte finesse et harmonie \u00e0 chaque note chant\u00e9e.<\/span><\/p>\n\n\n\n<p class=\"cvGsUA direction-ltr align-center para-style-body\"><span class=\"a_GcMg font-feature-liga-off font-feature-clig-off font-feature-calt-off text-decoration-none text-strikethrough-none\">Aujourd\u2019hui elles sont trois Mamas avec l\u2019arriv\u00e9e de la belle Uma, franco indienne, chanteuse et multi instrumentiste elle aussi, renfor\u00e7ant l\u2019\u00e9nergie vocale du trio. elles sont entour\u00e9es de trois musiciens de talent (saxophoniste, trompettiste, et guitariste\/banjo\u00efste), Ensemble, ils revisitent r\u00e9arrangent les classiques du jazz, du blues, du funk et de la soul \u00e0 leur mani\u00e8re, libre, vivante et joyeusement d\u00e9cal\u00e9e. Couleurs, joie de vivre, colliers de perles, \u00e9nergie contagieuse : chaque concert est une parade musicale digne du Mardi Gras, entre standards inoubliables et d\u00e9couvertes surprenantes.<\/span><\/p>\n\n\n\n<h2 class=\"wp-block-heading\">THE ARTISTS<\/h2>\n\n\n\n<div class=\"wp-block-media-text is-stacked-on-mobile\"><figure class=\"wp-block-media-text__media\"><img loading=\"lazy\" decoding=\"async\" width=\"1024\" height=\"1024\" src=\"http:\/\/jukinmamas.com\/wp-content\/uploads\/2025\/08\/499476501_10171410715940523_4197066216313400873_n-1024x1024.jpg\" alt=\"\" class=\"wp-image-223 size-full\" srcset=\"https:\/\/jukinmamas.com\/wp-content\/uploads\/2025\/08\/499476501_10171410715940523_4197066216313400873_n-1024x1024.jpg 1024w, https:\/\/jukinmamas.com\/wp-content\/uploads\/2025\/08\/499476501_10171410715940523_4197066216313400873_n-150x150.jpg 150w, https:\/\/jukinmamas.com\/wp-content\/uploads\/2025\/08\/499476501_10171410715940523_4197066216313400873_n-300x300.jpg 300w, https:\/\/jukinmamas.com\/wp-content\/uploads\/2025\/08\/499476501_10171410715940523_4197066216313400873_n-768x768.jpg 768w, https:\/\/jukinmamas.com\/wp-content\/uploads\/2025\/08\/499476501_10171410715940523_4197066216313400873_n-640x640.jpg 640w, https:\/\/jukinmamas.com\/wp-content\/uploads\/2025\/08\/499476501_10171410715940523_4197066216313400873_n.jpg 1080w\" sizes=\"auto, (max-width: 1024px) 100vw, 1024px\" \/><\/figure><div class=\"wp-block-media-text__content\">\n<p>KATIE GILLESPIE &#8211; Lead singer<\/p>\n<\/div><\/div>\n\n\n\n<div class=\"wp-block-media-text is-stacked-on-mobile\"><figure class=\"wp-block-media-text__media\"><img loading=\"lazy\" decoding=\"async\" width=\"960\" height=\"640\" src=\"http:\/\/jukinmamas.com\/wp-content\/uploads\/2019\/01\/10440641_10206890326436108_9093637121031919272_n.jpg\" alt=\"\" class=\"wp-image-100 size-full\" srcset=\"https:\/\/jukinmamas.com\/wp-content\/uploads\/2019\/01\/10440641_10206890326436108_9093637121031919272_n.jpg 960w, https:\/\/jukinmamas.com\/wp-content\/uploads\/2019\/01\/10440641_10206890326436108_9093637121031919272_n-300x200.jpg 300w, https:\/\/jukinmamas.com\/wp-content\/uploads\/2019\/01\/10440641_10206890326436108_9093637121031919272_n-768x512.jpg 768w\" sizes=\"auto, (max-width: 960px) 100vw, 960px\" \/><\/figure><div class=\"wp-block-media-text__content\">\n<p>KARO SAVON &#8211; Contrebasse et chant<\/p>\n<\/div><\/div>\n\n\n\n<div class=\"wp-block-media-text is-stacked-on-mobile\"><figure class=\"wp-block-media-text__media\"><img loading=\"lazy\" decoding=\"async\" width=\"683\" height=\"1024\" src=\"http:\/\/jukinmamas.com\/wp-content\/uploads\/2025\/08\/IMG-20250805-WA0026-683x1024.jpg\" alt=\"\" class=\"wp-image-221 size-full\" srcset=\"https:\/\/jukinmamas.com\/wp-content\/uploads\/2025\/08\/IMG-20250805-WA0026-683x1024.jpg 683w, https:\/\/jukinmamas.com\/wp-content\/uploads\/2025\/08\/IMG-20250805-WA0026-200x300.jpg 200w, https:\/\/jukinmamas.com\/wp-content\/uploads\/2025\/08\/IMG-20250805-WA0026-768x1152.jpg 768w, https:\/\/jukinmamas.com\/wp-content\/uploads\/2025\/08\/IMG-20250805-WA0026-512x768.jpg 512w, https:\/\/jukinmamas.com\/wp-content\/uploads\/2025\/08\/IMG-20250805-WA0026.jpg 1365w\" sizes=\"auto, (max-width: 683px) 100vw, 683px\" \/><\/figure><div class=\"wp-block-media-text__content\">\n<p>UMA POMMOT &#8211; Percussions et chant<\/p>\n<\/div><\/div>\n\n\n\n<div class=\"wp-block-media-text is-stacked-on-mobile\"><figure class=\"wp-block-media-text__media\"><img loading=\"lazy\" decoding=\"async\" width=\"292\" height=\"371\" src=\"http:\/\/jukinmamas.com\/wp-content\/uploads\/2025\/09\/Screenshot-2025-09-13-at-14.29.42.png\" alt=\"\" class=\"wp-image-246 size-full\" srcset=\"https:\/\/jukinmamas.com\/wp-content\/uploads\/2025\/09\/Screenshot-2025-09-13-at-14.29.42.png 292w, https:\/\/jukinmamas.com\/wp-content\/uploads\/2025\/09\/Screenshot-2025-09-13-at-14.29.42-236x300.png 236w\" sizes=\"auto, (max-width: 292px) 100vw, 292px\" \/><\/figure><div class=\"wp-block-media-text__content\">\n<p>GABRIEL MANZAN\u00c8QUE &#8211; Guitares, banjo et chant<\/p>\n<\/div><\/div>\n\n\n\n<div class=\"wp-block-media-text is-stacked-on-mobile\"><figure class=\"wp-block-media-text__media\"><img loading=\"lazy\" decoding=\"async\" width=\"683\" height=\"1024\" src=\"http:\/\/jukinmamas.com\/wp-content\/uploads\/2025\/08\/1679677110554_image001-683x1024.jpg\" alt=\"\" class=\"wp-image-225 size-full\" srcset=\"https:\/\/jukinmamas.com\/wp-content\/uploads\/2025\/08\/1679677110554_image001-683x1024.jpg 683w, https:\/\/jukinmamas.com\/wp-content\/uploads\/2025\/08\/1679677110554_image001-200x300.jpg 200w, https:\/\/jukinmamas.com\/wp-content\/uploads\/2025\/08\/1679677110554_image001-768x1151.jpg 768w, https:\/\/jukinmamas.com\/wp-content\/uploads\/2025\/08\/1679677110554_image001-513x768.jpg 513w, https:\/\/jukinmamas.com\/wp-content\/uploads\/2025\/08\/1679677110554_image001.jpg 1250w\" sizes=\"auto, (max-width: 683px) 100vw, 683px\" \/><\/figure><div class=\"wp-block-media-text__content\">\n<p>CLEVELAND DONALD &#8211; Trompette et chant<\/p>\n<\/div><\/div>\n\n\n\n<div class=\"wp-block-media-text is-stacked-on-mobile\"><figure class=\"wp-block-media-text__media\"><img loading=\"lazy\" decoding=\"async\" width=\"289\" height=\"548\" src=\"http:\/\/jukinmamas.com\/wp-content\/uploads\/2025\/08\/Screenshot-2025-08-23-at-17.47.34.png\" alt=\"\" class=\"wp-image-222 size-full\" srcset=\"https:\/\/jukinmamas.com\/wp-content\/uploads\/2025\/08\/Screenshot-2025-08-23-at-17.47.34.png 289w, https:\/\/jukinmamas.com\/wp-content\/uploads\/2025\/08\/Screenshot-2025-08-23-at-17.47.34-158x300.png 158w\" sizes=\"auto, (max-width: 289px) 100vw, 289px\" \/><\/figure><div class=\"wp-block-media-text__content\">\n<p>UGO LEMARCHAND &#8211; Saxophone et chant<\/p>\n<\/div><\/div>\n","protected":false},"excerpt":{"rendered":"<p>Mais\u2026 que veut dire&nbsp; \u00ab&nbsp;Jukin\u2019 Mamas&nbsp;\u00bb&nbsp;?! Le \u00ab\u00a0juke-joint\u00a0\u00bb c\u2019\u00e9tait le boui-boui o\u00f9 se retrouvaient la majeure partie de la population locale\u00a0pour se d\u00e9salt\u00e9rer dans ces nuits chaudes et humides, et o\u00f9 le bruit des jeux de domino et des cartes se m\u00ealait aux sons des pas de danse sur la musique des \u00ab\u00a0juke-bands\u00a0\u00bb. Si le &hellip; <\/p>\n<p class=\"link-more\"><a href=\"https:\/\/jukinmamas.com\/?page_id=30\" class=\"more-link\">Continue reading<span class=\"screen-reader-text\"> &#8220;ABOUT US&#8221;<\/span><\/a><\/p>\n","protected":false},"author":1,"featured_media":0,"parent":0,"menu_order":0,"comment_status":"closed","ping_status":"closed","template":"","meta":{"footnotes":""},"class_list":["post-30","page","type-page","status-publish","hentry"],"_links":{"self":[{"href":"https:\/\/jukinmamas.com\/index.php?rest_route=\/wp\/v2\/pages\/30","targetHints":{"allow":["GET"]}}],"collection":[{"href":"https:\/\/jukinmamas.com\/index.php?rest_route=\/wp\/v2\/pages"}],"about":[{"href":"https:\/\/jukinmamas.com\/index.php?rest_route=\/wp\/v2\/types\/page"}],"author":[{"embeddable":true,"href":"https:\/\/jukinmamas.com\/index.php?rest_route=\/wp\/v2\/users\/1"}],"replies":[{"embeddable":true,"href":"https:\/\/jukinmamas.com\/index.php?rest_route=%2Fwp%2Fv2%2Fcomments&post=30"}],"version-history":[{"count":33,"href":"https:\/\/jukinmamas.com\/index.php?rest_route=\/wp\/v2\/pages\/30\/revisions"}],"predecessor-version":[{"id":250,"href":"https:\/\/jukinmamas.com\/index.php?rest_route=\/wp\/v2\/pages\/30\/revisions\/250"}],"wp:attachment":[{"href":"https:\/\/jukinmamas.com\/index.php?rest_route=%2Fwp%2Fv2%2Fmedia&parent=30"}],"curies":[{"name":"wp","href":"https:\/\/api.w.org\/{rel}","templated":true}]}}