{"id":251,"date":"2025-09-13T14:53:06","date_gmt":"2025-09-13T12:53:06","guid":{"rendered":"https:\/\/jukinmamas.com\/?page_id=251"},"modified":"2025-10-10T13:00:08","modified_gmt":"2025-10-10T11:00:08","slug":"the-only-mamas","status":"publish","type":"page","link":"https:\/\/jukinmamas.com\/?page_id=251","title":{"rendered":"THE ONLY MAMAS"},"content":{"rendered":"\n<p>The Only Mamas, c\u2019est l\u2019\u00e2me vocale des Jukin Mamas : les trois \u201cmamas\u201d qui, en parall\u00e8le, ont form\u00e9 un trio dans une formule plus intimiste mais toujours autant pleine d\u2019\u00e9nergie. Katie, Karo et Uma proposent en concert un r\u00e9pertoire qui m\u00eale avec fra\u00eecheur et \u00e9l\u00e9gance du <strong>jazzy pop, blues and soul<\/strong> music.<\/p>\n\n\n\n<p>Un trio 100 % f\u00e9minin port\u00e9 par une belle complicit\u00e9 et une joie communicative.<\/p>\n\n\n\n<figure class=\"wp-block-embed is-type-video is-provider-youtube wp-block-embed-youtube wp-embed-aspect-16-9 wp-has-aspect-ratio\"><div class=\"wp-block-embed__wrapper\">\n<iframe loading=\"lazy\" title=\"THE ONLY MAMAS - VIPER MAD\" width=\"760\" height=\"428\" src=\"https:\/\/www.youtube.com\/embed\/orL-AAaV-gQ?feature=oembed\" frameborder=\"0\" allow=\"accelerometer; autoplay; clipboard-write; encrypted-media; gyroscope; picture-in-picture; web-share\" referrerpolicy=\"strict-origin-when-cross-origin\" allowfullscreen><\/iframe>\n<\/div><\/figure>\n","protected":false},"excerpt":{"rendered":"<p>The Only Mamas, c\u2019est l\u2019\u00e2me vocale des Jukin Mamas : les trois \u201cmamas\u201d qui, en parall\u00e8le, ont form\u00e9 un trio dans une formule plus intimiste mais toujours autant pleine d\u2019\u00e9nergie. Katie, Karo et Uma proposent en concert un r\u00e9pertoire qui m\u00eale avec fra\u00eecheur et \u00e9l\u00e9gance du jazzy pop, blues and soul music. Un trio 100 &hellip; <\/p>\n<p class=\"link-more\"><a href=\"https:\/\/jukinmamas.com\/?page_id=251\" class=\"more-link\">Continue reading<span class=\"screen-reader-text\"> &#8220;THE ONLY MAMAS&#8221;<\/span><\/a><\/p>\n","protected":false},"author":1,"featured_media":0,"parent":0,"menu_order":0,"comment_status":"closed","ping_status":"closed","template":"","meta":{"footnotes":""},"class_list":["post-251","page","type-page","status-publish","hentry"],"_links":{"self":[{"href":"https:\/\/jukinmamas.com\/index.php?rest_route=\/wp\/v2\/pages\/251","targetHints":{"allow":["GET"]}}],"collection":[{"href":"https:\/\/jukinmamas.com\/index.php?rest_route=\/wp\/v2\/pages"}],"about":[{"href":"https:\/\/jukinmamas.com\/index.php?rest_route=\/wp\/v2\/types\/page"}],"author":[{"embeddable":true,"href":"https:\/\/jukinmamas.com\/index.php?rest_route=\/wp\/v2\/users\/1"}],"replies":[{"embeddable":true,"href":"https:\/\/jukinmamas.com\/index.php?rest_route=%2Fwp%2Fv2%2Fcomments&post=251"}],"version-history":[{"count":4,"href":"https:\/\/jukinmamas.com\/index.php?rest_route=\/wp\/v2\/pages\/251\/revisions"}],"predecessor-version":[{"id":281,"href":"https:\/\/jukinmamas.com\/index.php?rest_route=\/wp\/v2\/pages\/251\/revisions\/281"}],"wp:attachment":[{"href":"https:\/\/jukinmamas.com\/index.php?rest_route=%2Fwp%2Fv2%2Fmedia&parent=251"}],"curies":[{"name":"wp","href":"https:\/\/api.w.org\/{rel}","templated":true}]}}